{"id":96,"date":"2013-12-09T10:03:56","date_gmt":"2013-12-09T10:03:56","guid":{"rendered":"http:\/\/mistermusiker.com\/ho\/?page_id=96"},"modified":"2022-02-24T09:40:21","modified_gmt":"2022-02-24T09:40:21","slug":"intensivgruppe-maedchen","status":"publish","type":"page","link":"https:\/\/hausopderbeck.de\/?page_id=96","title":{"rendered":"Intensivgruppe f\u00fcr M\u00e4dchen"},"content":{"rendered":"[spb_parallax parallax_type=&#8220;image&#8220; bg_image=&#8220;217&#8243; bg_type=&#8220;cover&#8220; parallax_video_height=&#8220;video-height&#8220; parallax_video_overlay=&#8220;none&#8220; parallax_image_height=&#8220;content-height&#8220; parallax_image_movement=&#8220;fixed&#8220; parallax_image_speed=&#8220;0.5&#8243; padding_horizontal=&#8220;15&#8243; alt_background=&#8220;none&#8220; width=&#8220;1\/1&#8243; el_position=&#8220;first last&#8220;]\n<p>.<\/p>\n[\/spb_parallax] [boxed_content type=&#8220;whitestroke&#8220; pb_margin_bottom=&#8220;no&#8220; width=&#8220;1\/1&#8243; el_position=&#8220;first last&#8220;]\n<p><strong>Intensivgruppe f\u00fcr M\u00e4dchen<br \/>\nTh\u00fcnenstra\u00dfe 1<br \/>\n<\/strong><strong>58511 L\u00fcdenscheid<\/strong><\/p>\n<p>Platzzahl: 7<\/p>\n<p>Aufnahme-Alter: 14 \u2013 20 Jahre<br \/>\nPersonalschl\u00fcssel: 1:1,28<\/p>\n<div>Lage: Stadtzentral<\/div>\n<div>Einzelzimmer: 5<\/div>\n<div>Appartements: 2<\/div>\n<div>Betreuung: Tag und Nacht<\/div>\n<p>Gesetzliche Grundlagen: \u00a0\u00a7\u00a7 34, 35a, 41, 42 SGB VIII<\/p>\n<h4><strong>Zielgruppe<\/strong><\/h4>\n<ul>\n<li>M\u00e4dchen mit Verhaltensauff\u00e4lligkeiten im kognitiven, emotionalen und sozialen Bereich.<\/li>\n<li>deren pers\u00f6nliche Entwicklung durch innerfamili\u00e4re Probleme behindert\/stark verz\u00f6gert wurde<\/li>\n<li>aus Familien mit Suchterkrankungen und\/ oder psychischen Erkrankungen<\/li>\n<li>bei denen eine psychische, physische und\/ oder sexuelle Misshandlung\/ Traumatisierung erkennbar ist<\/li>\n<\/ul>\n<h4><strong>Ziele<\/strong><\/h4>\n<ul>\n<li>Kl\u00e4rung der famili\u00e4ren Beziehungsdynamik und Pr\u00fcfung von R\u00fcckkehroptionen<\/li>\n<li>intensive, individuelle Auseinandersetzung und F\u00f6rderung der pers\u00f6nlichen Entwicklung<\/li>\n<li>ggf. Anwendung des sexualp\u00e4dagogischen Konzeptes<\/li>\n<li>F\u00f6rderung von ersten Verselbst\u00e4ndigungsschritten durch einen Wechsel in ein Apartment oder in unser Zentrum f\u00fcr Betreutes Wohnen&lt;<\/li>\n<\/ul>\n[\/boxed_content] [divider type=&#8220;standard&#8220; text=&#8220;Go to top&#8220; full_width=&#8220;no&#8220; width=&#8220;1\/1&#8243; el_position=&#8220;first last&#8220;] [spb_gmaps address=&#8220;Th\u00fcnenstra\u00dfe 1, 58511 L\u00fcdenscheid&#8220; size=&#8220;300&#8243; type=&#8220;roadmap&#8220; zoom=&#8220;14&#8243; color=&#8220;#b1d6da&#8220; saturation=&#8220;color&#8220; fullscreen=&#8220;no&#8220; width=&#8220;1\/1&#8243; el_position=&#8220;first last&#8220;]\n","protected":false},"excerpt":{"rendered":"<p>[spb_parallax parallax_type=&#8220;image&#8220; bg_image=&#8220;217&#8243; bg_type=&#8220;cover&#8220; parallax_video_height=&#8220;video-height&#8220; parallax_video_overlay=&#8220;none&#8220; parallax_image_height=&#8220;content-height&#8220; parallax_image_movement=&#8220;fixed&#8220; parallax_image_speed=&#8220;0.5&#8243; padding_horizontal=&#8220;15&#8243; alt_background=&#8220;none&#8220; width=&#8220;1\/1&#8243; el_position=&#8220;first last&#8220;] . [\/spb_parallax] [boxed_content type=&#8220;whitestroke&#8220; pb_margin_bottom=&#8220;no&#8220; width=&#8220;1\/1&#8243; el_position=&#8220;first last&#8220;] Intensivgruppe f\u00fcr M\u00e4dchen Th\u00fcnenstra\u00dfe 1 58511 L\u00fcdenscheid Platzzahl: 7 Aufnahme-Alter: 14 \u2013 20 Jahre Personalschl\u00fcssel: 1:1,28 Lage: Stadtzentral Einzelzimmer: 5 Appartements: 2 Betreuung: Tag und Nacht Gesetzliche Grundlagen: \u00a0\u00a7\u00a7 34, 35a, 41, 42 SGB VIII Zielgruppe M\u00e4dchen mit [&hellip;]<\/p>\n","protected":false},"author":1,"featured_media":0,"parent":0,"menu_order":7,"comment_status":"closed","ping_status":"closed","template":"","meta":{"footnotes":""},"class_list":["post-96","page","type-page","status-publish","hentry"],"_links":{"self":[{"href":"https:\/\/hausopderbeck.de\/index.php?rest_route=\/wp\/v2\/pages\/96","targetHints":{"allow":["GET"]}}],"collection":[{"href":"https:\/\/hausopderbeck.de\/index.php?rest_route=\/wp\/v2\/pages"}],"about":[{"href":"https:\/\/hausopderbeck.de\/index.php?rest_route=\/wp\/v2\/types\/page"}],"author":[{"embeddable":true,"href":"https:\/\/hausopderbeck.de\/index.php?rest_route=\/wp\/v2\/users\/1"}],"replies":[{"embeddable":true,"href":"https:\/\/hausopderbeck.de\/index.php?rest_route=%2Fwp%2Fv2%2Fcomments&post=96"}],"version-history":[{"count":56,"href":"https:\/\/hausopderbeck.de\/index.php?rest_route=\/wp\/v2\/pages\/96\/revisions"}],"predecessor-version":[{"id":449,"href":"https:\/\/hausopderbeck.de\/index.php?rest_route=\/wp\/v2\/pages\/96\/revisions\/449"}],"wp:attachment":[{"href":"https:\/\/hausopderbeck.de\/index.php?rest_route=%2Fwp%2Fv2%2Fmedia&parent=96"}],"curies":[{"name":"wp","href":"https:\/\/api.w.org\/{rel}","templated":true}]}}