{"id":48,"date":"2013-12-06T09:48:17","date_gmt":"2013-12-06T09:48:17","guid":{"rendered":"http:\/\/mistermusiker.com\/ho\/?page_id=48"},"modified":"2022-01-18T09:01:50","modified_gmt":"2022-01-18T09:01:50","slug":"grundlagen-der-arbeit","status":"publish","type":"page","link":"https:\/\/hausopderbeck.de\/?page_id=48","title":{"rendered":"Grundlagen der Arbeit"},"content":{"rendered":"[spb_parallax parallax_type=&#8220;image&#8220; bg_image=&#8220;218&#8243; bg_type=&#8220;cover&#8220; parallax_video_height=&#8220;video-height&#8220; parallax_video_overlay=&#8220;none&#8220; parallax_image_height=&#8220;content-height&#8220; parallax_image_movement=&#8220;fixed&#8220; parallax_image_speed=&#8220;0.5&#8243; padding_horizontal=&#8220;15&#8243; alt_background=&#8220;none&#8220; width=&#8220;1\/1&#8243; el_position=&#8220;first last&#8220;]\n<p>.<\/p>\n[\/spb_parallax] [spb_text_block pb_margin_bottom=&#8220;no&#8220; pb_border_bottom=&#8220;no&#8220; width=&#8220;1\/1&#8243; el_position=&#8220;first last&#8220;]\n<div dir=\"ltr\">\n<div>Als besonderes Qualit\u00e4tsmerkmal unserer Einrichtung verstehen wir unser Bem\u00fchen, innerhalb von Rahmenbedingungen, stetig eine Balance zwischen therapeutischer Haltung und Alltagsbew\u00e4ltigung herzustellen.<\/p>\n<\/div>\n<div>Der dabei entstehende Spannungsbogen wird von uns gezielt beachtet, reflektiert und ist regelm\u00e4\u00dfiger Bestandteil von Supervisionen. So werden unsere Mitarbeiterinnen in die Lage versetzt, therapeutische Erkenntnisse in den Alltag mit dem Jugendlichen zu integrieren.<\/p>\n<\/div>\n<div>Das haus opderbeck versteht sich als lernende Einrichtung, die sich mit und durch die untergebrachten M\u00e4dchen und ihre Familien weiter entwickelt und an sich arbeitet.<\/p>\n<\/div>\n<div>Wir betrachten schwierig erscheinende Verhaltensweisen als bisherige L\u00f6sungsversuche der Beteiligten. Diese gilt es zu verstehen und systemisch\u00a0einzuordnen. Des Weiteren setzen wir eine sanktionsfreie, individuelle, respektvolle und verbindliche P\u00e4dagogik um, die dem Jugendlichen eine heilsame, alternative Beziehungserfahrung erm\u00f6glicht.<\/div>\n<\/div>\n<p>&nbsp;<\/p>\n[\/spb_text_block]\n","protected":false},"excerpt":{"rendered":"<p>[spb_parallax parallax_type=&#8220;image&#8220; bg_image=&#8220;218&#8243; bg_type=&#8220;cover&#8220; parallax_video_height=&#8220;video-height&#8220; parallax_video_overlay=&#8220;none&#8220; parallax_image_height=&#8220;content-height&#8220; parallax_image_movement=&#8220;fixed&#8220; parallax_image_speed=&#8220;0.5&#8243; padding_horizontal=&#8220;15&#8243; alt_background=&#8220;none&#8220; width=&#8220;1\/1&#8243; el_position=&#8220;first last&#8220;] . [\/spb_parallax] [spb_text_block pb_margin_bottom=&#8220;no&#8220; pb_border_bottom=&#8220;no&#8220; width=&#8220;1\/1&#8243; el_position=&#8220;first last&#8220;] Als besonderes Qualit\u00e4tsmerkmal unserer Einrichtung verstehen wir unser Bem\u00fchen, innerhalb von Rahmenbedingungen, stetig eine Balance zwischen therapeutischer Haltung und Alltagsbew\u00e4ltigung herzustellen. Der dabei entstehende Spannungsbogen wird von uns gezielt beachtet, reflektiert und ist regelm\u00e4\u00dfiger Bestandteil von Supervisionen. So [&hellip;]<\/p>\n","protected":false},"author":1,"featured_media":0,"parent":0,"menu_order":0,"comment_status":"closed","ping_status":"closed","template":"","meta":{"footnotes":""},"class_list":["post-48","page","type-page","status-publish","hentry"],"_links":{"self":[{"href":"https:\/\/hausopderbeck.de\/index.php?rest_route=\/wp\/v2\/pages\/48","targetHints":{"allow":["GET"]}}],"collection":[{"href":"https:\/\/hausopderbeck.de\/index.php?rest_route=\/wp\/v2\/pages"}],"about":[{"href":"https:\/\/hausopderbeck.de\/index.php?rest_route=\/wp\/v2\/types\/page"}],"author":[{"embeddable":true,"href":"https:\/\/hausopderbeck.de\/index.php?rest_route=\/wp\/v2\/users\/1"}],"replies":[{"embeddable":true,"href":"https:\/\/hausopderbeck.de\/index.php?rest_route=%2Fwp%2Fv2%2Fcomments&post=48"}],"version-history":[{"count":18,"href":"https:\/\/hausopderbeck.de\/index.php?rest_route=\/wp\/v2\/pages\/48\/revisions"}],"predecessor-version":[{"id":401,"href":"https:\/\/hausopderbeck.de\/index.php?rest_route=\/wp\/v2\/pages\/48\/revisions\/401"}],"wp:attachment":[{"href":"https:\/\/hausopderbeck.de\/index.php?rest_route=%2Fwp%2Fv2%2Fmedia&parent=48"}],"curies":[{"name":"wp","href":"https:\/\/api.w.org\/{rel}","templated":true}]}}