{"id":30,"date":"2013-12-06T08:37:44","date_gmt":"2013-12-06T08:37:44","guid":{"rendered":"http:\/\/mistermusiker.com\/ho\/?page_id=30"},"modified":"2013-12-09T12:54:29","modified_gmt":"2013-12-09T12:54:29","slug":"leitbild","status":"publish","type":"page","link":"https:\/\/hausopderbeck.de\/?page_id=30","title":{"rendered":"Unser Leitbild"},"content":{"rendered":"[spb_parallax parallax_type=&#8220;image&#8220; bg_image=&#8220;39&#8243; bg_type=&#8220;cover&#8220; parallax_video_height=&#8220;video-height&#8220; parallax_video_overlay=&#8220;none&#8220; parallax_image_height=&#8220;content-height&#8220; alt_background=&#8220;none&#8220; width=&#8220;1\/1&#8243; el_position=&#8220;first last&#8220;]\n<p>.<\/p>\n[\/spb_parallax] [spb_text_block title=&#8220;Leitbild&#8220; pb_margin_bottom=&#8220;no&#8220; pb_border_bottom=&#8220;no&#8220; width=&#8220;1\/1&#8243; el_position=&#8220;first last&#8220;]\n<p>Wir orientieren uns an den Grundgedanken von Ivan Boszormenyi\u2013Nagy und Geraldine Spark, die in ihrer Arbeit vor allem dem Begriff der \u201eLoyalit\u00e4t\u201c unter Familienmitgliedern, \u00fcber drei Generationen, eine besondere Bedeutung beimessen.<\/p>\n<p>Unter diesen Gesichtspunkten schauen wir auf famili\u00e4re Strukturen und Konflikte und versuchen mit den, bei uns untergebrachten M\u00e4dchen und ihren Familien, Verst\u00e4ndnis f\u00fcr ihre Konflikte zu erarbeiten, ihre Ziele und Ressourcen zu erkennen und ihre Ver\u00e4nderungsm\u00f6glichkeiten zu st\u00e4rken. Dazu bieten wir einen zeitlich strukturierten, verbindlichen Rahmen an, in dem therapeutische und p\u00e4dagogische Leistungen sich erg\u00e4nzen.<\/p>\n[\/spb_text_block] [spb_text_block title=&#8220;Kl\u00e4rung und Verselbstst\u00e4ndigung&#8220; pb_margin_bottom=&#8220;no&#8220; pb_border_bottom=&#8220;no&#8220; width=&#8220;1\/1&#8243; el_position=&#8220;first last&#8220;]\n<p>Neben der Kl\u00e4rungsarbeit ist die Verselbstst\u00e4ndigungsarbeit mit jungen Menschen ein weiterer Schwerpunkt in unserer Einrichtung. Auch in den Abteilungen, die sich \u00fcberwiegend dieser Aufgabe widmen, bleibt die Beziehung und Bindung der jungen Menschen zu ihren Eltern, f\u00fcr uns von zentraler Bedeutung.<\/p>\n[\/spb_text_block]\n","protected":false},"excerpt":{"rendered":"<p>[spb_parallax parallax_type=&#8220;image&#8220; bg_image=&#8220;39&#8243; bg_type=&#8220;cover&#8220; parallax_video_height=&#8220;video-height&#8220; parallax_video_overlay=&#8220;none&#8220; parallax_image_height=&#8220;content-height&#8220; alt_background=&#8220;none&#8220; width=&#8220;1\/1&#8243; el_position=&#8220;first last&#8220;] . [\/spb_parallax] [spb_text_block title=&#8220;Leitbild&#8220; pb_margin_bottom=&#8220;no&#8220; pb_border_bottom=&#8220;no&#8220; width=&#8220;1\/1&#8243; el_position=&#8220;first last&#8220;] Wir orientieren uns an den Grundgedanken von Ivan Boszormenyi\u2013Nagy und Geraldine Spark, die in ihrer Arbeit vor allem dem Begriff der \u201eLoyalit\u00e4t\u201c unter Familienmitgliedern, \u00fcber drei Generationen, eine besondere Bedeutung beimessen. Unter diesen Gesichtspunkten schauen wir auf famili\u00e4re Strukturen und [&hellip;]<\/p>\n","protected":false},"author":1,"featured_media":0,"parent":0,"menu_order":0,"comment_status":"closed","ping_status":"closed","template":"","meta":{"footnotes":""},"class_list":["post-30","page","type-page","status-publish","hentry"],"_links":{"self":[{"href":"https:\/\/hausopderbeck.de\/index.php?rest_route=\/wp\/v2\/pages\/30","targetHints":{"allow":["GET"]}}],"collection":[{"href":"https:\/\/hausopderbeck.de\/index.php?rest_route=\/wp\/v2\/pages"}],"about":[{"href":"https:\/\/hausopderbeck.de\/index.php?rest_route=\/wp\/v2\/types\/page"}],"author":[{"embeddable":true,"href":"https:\/\/hausopderbeck.de\/index.php?rest_route=\/wp\/v2\/users\/1"}],"replies":[{"embeddable":true,"href":"https:\/\/hausopderbeck.de\/index.php?rest_route=%2Fwp%2Fv2%2Fcomments&post=30"}],"version-history":[{"count":15,"href":"https:\/\/hausopderbeck.de\/index.php?rest_route=\/wp\/v2\/pages\/30\/revisions"}],"predecessor-version":[{"id":163,"href":"https:\/\/hausopderbeck.de\/index.php?rest_route=\/wp\/v2\/pages\/30\/revisions\/163"}],"wp:attachment":[{"href":"https:\/\/hausopderbeck.de\/index.php?rest_route=%2Fwp%2Fv2%2Fmedia&parent=30"}],"curies":[{"name":"wp","href":"https:\/\/api.w.org\/{rel}","templated":true}]}}